59. Determine f(z).
-74
Let a(h) be the second derivative of -h**4/12 + 3*h**3/2 - 6*h**2 + 2*h - 99. Give a(6).
6
Let d(m) = -4*m**3 - 11*m**2 - 2*m - 10. Let v(b) = 3*b**3 + 10*b**2 + b + 9. Let f(i) = 4*d(i) + 5*v(i). Determine f(5).
15
Let i(d) = 2*d**2 + 11*d - 9. Suppose z = -2*u - 13, -5*u - 8*z + 4*z = 34. Calculate i(u).
-3
Suppose 4*a - 3*y - 28 = -5*y, 2*a - 5*y = -10. Suppose g = 5*b + 55, -3*g = -a*b + 2 - 67. Let i(d) = d**3 + 9*d**2 - 11*d - 8. Determine i(b).
2
Let v(y) = y**3 + y**2. Suppose -4*l = 5*j - 60, 0*j - 60 = -4*l + 5*j. Let t(d) = d**3 - 14*d - l*d - 4 - 5*d**2 + 30*d. Let a be t(5). Calculate v(a).
2
Let r(c) be the first derivative of c**3/3 - 6*c**2 + 4*c + 152. Determine r(10).
-16
Suppose 2*l = 38 - 30. Let t be 5 - (6 + l + 0). Let o(i) = 1 + 3*i + 9 - 2*i. Calculate o(t).
5
Let f(c) = -c**2 + 22*c - 38. Let w be f(20). Let l(r) = 6*r**2 + 9*r + 1 - 11*r + 7*r**w + r. Determine l(1).
13
Suppose 2*c - 2*b = -0*c + 24, 5*c = -4*b + 60. Let d be (-1)/((-3)/c*2). Let s(j) = 11*j**2 - d*j - j - 10*j**2. Calculate s(4).
4
Let b(s) = 81*s - 4. Let i(t) = 134*t - 7. Let o(n) = -5*b(n) + 3*i(n). Suppose -4*w + 4 = -8*w. Determine o(w).
2
Let o(v) be the third derivative of v**6/120 + v**5/12 + v**4/6 + 2*v**3/3 + 65*v**2. Calculate o(-3).
10
Let q = 7 + -13. Let b(n) be the third derivative of n**5/120 + 7*n**4/24 + n**3/6 - 2*n**2. Let h(d) be the first derivative of b(d). Determine h(q).
1
Let k(d) = 27*d - d**3 - 5*d**2 - 26*d + 9 - 4. Suppose 23 = -3*w - 2*b, 6 = -2*w - b - 8. What is k(w)?
0
Suppose -3*s = -46*s + 516. Let j(t) = t - 24. Calculate j(s).
-12
Let s(z) = -7*z + 200 - 104 - 99. Give s(-4).
25
Let p(o) = -o**2 + 12*o + 2. Suppose 0 = 17*b - 70 - 100. Calculate p(b).
22
Let i(c) = -c**2 - 9*c - 5. Let s = -1001 - -995. Calculate i(s).
13
Let o(m) = m**3 + 9*m**2 + 2*m + 8. Suppose -4*z - 20 = 4*h, 4*h + 28 = 12*z - 14*z. Calculate o(h).
-10
Let s = -6 + 17. Let n(g) = 21*g + 36. Let v(l) = 4*l + 7. Let p(c) = s*v(c) - 2*n(c). Calculate p(-5).
-5
Let r(y) be the second derivative of -y**5/20 - 5*y**4/12 + 2*y**3/3 - 3*y**2 + 93*y. Give r(-6).
6
Let q(u) = 7*u**2 + u**3 + 20*u - 6 - 14*u**2 - 26*u - 4. Calculate q(7).
-52
Let w(g) = 4 + 22 + 84*g - 86*g - 7. What is w(9)?
1
Let x(w) = -w**3 - 2*w**2 + 3*w + 2. Let j(m) = m**3 - m**2 - 2*m - 3. Let z be j(2). Calculate x(z).
2
Let s(h) = 5*h + 5. Suppose -46*f - 22 = -35*f. What is s(f)?
-5
Let a(t) = -25*t + 67*t**2 - 65*t**2 + 5 - 18. Let l be a(13). Let n(k) = -k**3 + k**2 - k - 19. Give n(l).
-19
Let w be 14568/10080 - 20/14. Let d(b) be the third derivative of -w*b**5 + 0*b + 5/6*b**3 + 0 + 5/24*b**4 + 9*b**2. Calculate d(5).
5
Let z = -3 - -10. Let n(u) be the third derivative of u**5/60 - 7*u**4/24 - 2*u**3/3 - u**2 + 6*u. What is n(z)?
-4
Suppose -168 + 28 = 20*z. Let x(i) = -i**3 - 6*i**2 + 6*i + 1. What is x(z)?
8
Let o(i) = 2*i + 4. Let w = 15 + -4. Suppose 5*g - 9 = w. Let m be ((-6)/g)/((-2)/4). Give o(m).
10
Let x(d) = -2*d**3 + 2*d**2 + 4*d + 3. Let p be x(-1). Let a(v) = 2*v**2 - 2*v + 2. Calculate a(p).
14
Let y = 21 - 13. Let r(g) = 13333 - 13325 - g + 0*g. Determine r(y).
0
Let h(i) = 291 - 3*i - 292 + i - 2*i. Let j(u) = -3*u - 1. Let q(m) = 6*h(m) - 7*j(m). What is q(2)?
-5
Let p(g) = 2 - 5*g**2 - 3*g**2 - 3 + 10*g**2. What is p(1)?
1
Let l(m) = m. Let h(j) = -3. Let y(d) = h(d) - 2*l(d). Let q be -7 + (3 - 0) + -5. Let a be (-6)/q*(-30)/4. Give y(a).
7
Let q(t) be the third derivative of t**6/120 - t**5/30 + t**4/12 + t**3/2 - t**2 + 48*t. Let d = 0 - 2. Give q(d).
-17
Let h(c) = -7*c**3 + 4*c**2 - 4. Let l(d) = 20*d**3 - 11*d**2 + 12. Let s(f) = -17*h(f) - 6*l(f). Determine s(-3).
5
Let s(t) = -t + 4. Let p(r) = -3*r + 9. Suppose u - 2*u = 3. Let b(q) = u*p(q) + 7*s(q). Suppose -28*v = -29*v + 3. Give b(v).
7
Let m(i) be the third derivative of -i**5/30 + 3*i**4/4 - i**3/6 + 164*i**2 - i. Determine m(9).
-1
Let v(k) = 3*k - 45*k**2 + 95*k**2 - 49*k**2. What is v(-4)?
4
Let b(o) be the first derivative of 7*o**3/3 + o + 81. Determine b(1).
8
Let j be (-12 - -2)*((-14)/4)/7. Suppose -25*u + j*u + 80 = 0. Let l(h) = h**3 - 3*h**2 - 3. Calculate l(u).
13
Let r(x) = 28*x**2 + 10*x. Let b(z) = 9*z**2 + 3*z. Let v(s) = -7*b(s) + 2*r(s). Suppose -20 = 8*j - 4*j, -4*c = 4*j + 24. What is v(c)?
-6
Let l(j) be the second derivative of j**5/60 - j**4/3 - 5*j**3/3 + 8*j**2 + 16*j. Let u(f) be the first derivative of l(f). Calculate u(7).
-17
Let f(q) be the second derivative of -q**4/6 - q**3 - q**2 - 24*q. Give f(-5).
-22
Let u(f) = 14*f**2 + f**3 - 15*f**2 + 21 + 12*f**2 + 1 + 2*f. Give u(-11).
0
Let a(y) be the third derivative of -1/360*y**6 + 2*y**2 + 0 + 0*y + 1/24*y**4 + 5/6*y**3 + 1/20*y**5. Let i(d) be the first derivative of a(d). Calculate i(6).
1
Let i(d) = -3*d. Let c be i(-4). Suppose 7*r = c*r - 20. Let a(y) = y**3 - 3*y**2 - y - 4. Give a(r).
8
Let v(l) = l**3 + 3*l**2 + 3*l. Let u(x) = 6*x - 2. Let z = -8 - -9. Let d be u(z). Suppose j - d*b - 22 = 4*j, -3*j - 5*b = 26. What is v(j)?
-2
Let q(c) = c. Suppose 3*o - 3*f - 1 = 5, -2*o + 4*f - 4 = 0. Let k = -3 + 2. Let s(l) = 8*l + 3. Let n(z) = k*s(z) + o*q(z). Determine n(-5).
7
Let q = 64 - 61. Let d(r) = q*r - 32 + 14 + 15. Let s(c) = c**3 + 4*c**2 - 5*c + 2. Let n be s(-5). Determine d(n).
3
Suppose 0 = 15*z - 16*z. Let a be -1*z*(-4)/(-20). Let b(k) = 3*k - 2*k - 4 + 5. Determine b(a).
1
Let o(a) = -27*a + 4*a + 13*a - a**2 + 9*a. Calculate o(-3).
-6
Let n(v) = -v**2 + 20*v - 96. Let t be n(13). Let s(d) = 2*d + 6. What is s(t)?
-4
Let z(v) = -v - 11. Let s(n) = 27*n**3 + n**2 - 3*n + 3. Let u be s(1). Suppose -2*m - u = 3*d - d, -10 = 3*d - 5*m. What is z(d)?
-1
Let j(y) = -2*y**2 + 6*y - 5. Let u(x) = -2*x**2 + 7*x - 6. Let h(a) = 6*j(a) - 5*u(a). Let s be ((-3)/4)/(1/(-4)). Suppose -10 = -s*b - 2*b. Give h(b).
-6
Let m(x) = 5*x**3 + 5*x**2 - 2*x + 4. Let f(b) = b**3 + b**2 - b + 1. Let v(q) = 4*f(q) - m(q). Let d(l) = -l**2 + l + 4. Let g be d(-2). What is v(g)?
8
Let b be (-13)/((-78)/16)*3. Let s(m) = m**2 - 5*m - 18. Determine s(b).
6
Suppose 481 = -6*r + 79. Let n = -65 - r. Let j(k) = -7*k - 2. What is j(n)?
-16
Let j(x) = -x + 3. Let h(s) = 1. Let g(t) = 3*h(t) - j(t). Let z(r) be the second derivative of r**4/4 - r**3/6 - 2*r. Let w be z(1). Calculate g(w).
2
Let j(g) = g + 1. Suppose 20*o = 53*o + 198. Determine j(o).
-5
Let s = 608 - 600. Let d(y) = y - 5. Give d(s).
3
Let q(b) be the third derivative of b**5/15 - b**4/24 + b**2. Suppose 992*n + 8 = 1000*n. Determine q(n).
3
Let h(b) be the third derivative of -b**8/6720 + b**7/630 - b**6/240 + b**5/120 + b**4/2 - 29*b**2. Let c(l) be the second derivative of h(l). Determine c(3).
1
Let r(q) = -q**3 - 4*q**2 - q + 2. Let k = 2 - -12. Suppose 4*d + k = 2. Give r(d).
-4
Let n(t) = 107*t**2 + 16*t - 7*t - 108*t**2 + 1. Let w(i) = -i**2 + 9*i + 2. Let h(f) = -3*n(f) + 2*w(f). Give h(8).
-7
Suppose 0 = q - 4*h - 12, -106*h + 3 = 4*q - 107*h. Let o(p) be the second derivative of 1/3*p**3 + 13*p - 5/2*p**2 + q. Calculate o(7).
9
Let w = 105 - 102. Suppose 2*n + 0*z + 4 = 4*z, -n - 2*z = -6. Let a(p) = 14 + p**n - 15 + w*p - p. Determine a(1).
2
Let b(c) be the second derivative of -5*c**3/6 - 3*c**2/2 + 2*c. Let q(l) = 10*l + 5. Let k(y) = 7*b(y) + 4*q(y). Let w = -43 + 42. Calculate k(w).
-6
Let t = -155 + 150. Let u(p) = -2*p + 4. Determine u(t).
14
Suppose 4*o + 17 = 4*z - z, -20 = 5*o - 4*z. Let r(j) = j**3 + 8*j**2 + j + 7. What is r(o)?
-1
Let c(o) = -o**2 + 2*o - 5. Suppose 0 = -6*x - 4*x - 50. Let i(l) = 2*l**2 - 3*l + 9. Let f(n) = x*c(n) - 2*i(n). Give f(5).
12
Let z(p) = -2*p**2 - 2 - 12*p**3 + 3 + 15*p - 14*p + 14*p**3. Give z(2).
11
Let t be 12 + 4/(-7) + 21/(-49). Let d(b) = b - 4*b + b**3 + 9*b**2 - t*b**2 + 1. Determine d(4).
21
Let h(k) be the third derivative of -k**6/120 + k**5/12 - 3*k**3/2 + 15*k**2. Determine h(4).
7
Let k(f) be the first derivative of -f**4/12 - f**3/2 - f**2 + 2*f + 2. Let i(r) be the first derivative of k(r). Let y be (-1)/((-11)/22*(-2)/4). Give i(y).
-6
Let o(a) = -9 - 4 + 2 - 4 + a. Let i be o(12). Let r(w) = w**2 + 4*w - 3. Give r(i).
-6
Let p(f) = -f**3 - 2*f**2 + f. Let g(y) = 130*y - 1303. Let h be g(10). Determine p(h).
6
Suppose 4*i = -4*o + 8, -6*o + 10 = -o - 2*i. 